{"id":39,"date":"2022-09-14T13:24:01","date_gmt":"2022-09-14T13:24:01","guid":{"rendered":"https:\/\/sportano.sk\/blog\/?page_id=39"},"modified":"2022-09-14T13:26:38","modified_gmt":"2022-09-14T13:26:38","slug":"%d0%ba%d0%be%d0%bd%d1%82%d0%b0%d0%ba%d1%82%d0%b8","status":"publish","type":"page","link":"https:\/\/sportano.sk\/blog\/%d0%ba%d0%be%d0%bd%d1%82%d0%b0%d0%ba%d1%82%d0%b8\/","title":{"rendered":"Contact"},"content":{"rendered":"\n<p>\u0418\u043c\u0430\u0442\u0435 \u0432\u044a\u043f\u0440\u043e\u0441\u0438 \u043e\u0442\u043d\u043e\u0441\u043d\u043e \u0438\u0437\u0431\u0440\u0430\u043d\u0430 \u043e\u0442 \u0432\u0430\u0441 \u0441\u0442\u0430\u0442\u0438\u044f? \u0422\u044a\u0440\u0441\u0438\u0442\u0435 \u043e\u0442\u0433\u043e\u0432\u043e\u0440 \u043d\u0430 \u0432\u044a\u043f\u0440\u043e\u0441, \u0441\u0432\u044a\u0440\u0437\u0430\u043d \u0441\u044a\u0441 \u0441\u043f\u043e\u0440\u0442\u0430, \u0438\u043b\u0438 \u0438\u043c\u0430\u0442\u0435 \u043d\u0443\u0436\u0434\u0430 \u043e\u0442 \u0438\u043d\u0444\u043e\u0440\u043c\u0430\u0446\u0438\u044f \u0437\u0430 \u043f\u0440\u043e\u0434\u0443\u043a\u0442, \u0441\u043f\u043e\u043c\u0435\u043d\u0430\u0442 \u0432 \u0434\u0430\u0434\u0435\u043d \u0437\u0430\u043f\u0438\u0441? \u0418\u043b\u0438 \u0438\u0441\u043a\u0430\u0442\u0435 \u0434\u0430 \u043f\u043e\u0432\u0434\u0438\u0433\u043d\u0435\u0442\u0435 \u043a\u043e\u043d\u043a\u0440\u0435\u0442\u043d\u0430 \u0442\u0435\u043c\u0430 \u0432 \u0431\u043b\u043e\u0433\u0430?<\/p>\n\n\n\n<p>\u041f\u0438\u0448\u0435\u0442\u0435 \u043d\u0438 \u0434\u0438\u0440\u0435\u043a\u0442\u043d\u043e \u043d\u0430 \u0430\u0434\u0440\u0435\u0441: <a href=\"mailto:kontakt@sportano.sk\" target=\"_blank\" rel=\"noreferrer noopener\">co<\/a><a href=\"mailto:contact@sportano.sk\" target=\"_blank\" rel=\"noreferrer noopener\">ntakt@sportano.b<\/a><a href=\"mailto:kontakt@sportano.sk\" target=\"_blank\" rel=\"noreferrer noopener\">g<\/a><\/p>\n","protected":false},"excerpt":{"rendered":"<p>\u0418\u043c\u0430\u0442\u0435 \u0432\u044a\u043f\u0440\u043e\u0441\u0438 \u043e\u0442\u043d\u043e\u0441\u043d\u043e \u0438\u0437\u0431\u0440\u0430\u043d\u0430 \u043e\u0442 \u0432\u0430\u0441 \u0441\u0442\u0430\u0442\u0438\u044f? \u0422\u044a\u0440\u0441\u0438\u0442\u0435 \u043e\u0442\u0433\u043e\u0432\u043e\u0440 \u043d\u0430 \u0432\u044a\u043f\u0440\u043e\u0441, \u0441\u0432\u044a\u0440\u0437\u0430\u043d \u0441\u044a\u0441 \u0441\u043f\u043e\u0440\u0442\u0430, \u0438\u043b\u0438 \u0438\u043c\u0430\u0442\u0435 \u043d\u0443\u0436\u0434\u0430 \u043e\u0442 \u0438\u043d\u0444\u043e\u0440\u043c\u0430\u0446\u0438\u044f \u0437\u0430 \u043f\u0440\u043e\u0434\u0443\u043a\u0442, \u0441\u043f\u043e\u043c\u0435\u043d\u0430\u0442 \u0432 \u0434\u0430\u0434\u0435\u043d \u0437\u0430\u043f\u0438\u0441? \u0418\u043b\u0438 \u0438\u0441\u043a\u0430\u0442\u0435 \u0434\u0430 \u043f\u043e\u0432\u0434\u0438\u0433\u043d\u0435\u0442\u0435 \u043a\u043e\u043d\u043a\u0440\u0435\u0442\u043d\u0430 \u0442\u0435\u043c\u0430 \u0432 \u0431\u043b\u043e\u0433\u0430? \u041f\u0438\u0448\u0435\u0442\u0435 \u043d\u0438 \u0434\u0438\u0440\u0435\u043a\u0442\u043d\u043e \u043d\u0430 \u0430\u0434\u0440\u0435\u0441: contakt@sportano.bg<\/p>\n","protected":false},"author":7,"featured_media":0,"parent":0,"menu_order":0,"comment_status":"closed","ping_status":"closed","template":"","meta":{"_acf_changed":false,"footnotes":""},"class_list":["post-39","page","type-page","status-publish","hentry"],"acf":[],"yoast_head":"<!-- This site is optimized with the Yoast SEO plugin v27.1.1 - https:\/\/yoast.com\/product\/yoast-seo-wordpress\/ -->\n<title>Contact - sportano.sk<\/title>\n<meta name=\"robots\" content=\"index, follow, max-snippet:-1, max-image-preview:large, max-video-preview:-1\" \/>\n<link rel=\"canonical\" href=\"https:\/\/sportano.sk\/blog\/\u043a\u043e\u043d\u0442\u0430\u043a\u0442\u0438\/\" \/>\n<meta property=\"og:locale\" content=\"sk_SK\" \/>\n<meta property=\"og:type\" content=\"article\" \/>\n<meta property=\"og:title\" content=\"Contact - sportano.sk\" \/>\n<meta property=\"og:description\" content=\"\u0418\u043c\u0430\u0442\u0435 \u0432\u044a\u043f\u0440\u043e\u0441\u0438 \u043e\u0442\u043d\u043e\u0441\u043d\u043e \u0438\u0437\u0431\u0440\u0430\u043d\u0430 \u043e\u0442 \u0432\u0430\u0441 \u0441\u0442\u0430\u0442\u0438\u044f? \u0422\u044a\u0440\u0441\u0438\u0442\u0435 \u043e\u0442\u0433\u043e\u0432\u043e\u0440 \u043d\u0430 \u0432\u044a\u043f\u0440\u043e\u0441, \u0441\u0432\u044a\u0440\u0437\u0430\u043d \u0441\u044a\u0441 \u0441\u043f\u043e\u0440\u0442\u0430, \u0438\u043b\u0438 \u0438\u043c\u0430\u0442\u0435 \u043d\u0443\u0436\u0434\u0430 \u043e\u0442 \u0438\u043d\u0444\u043e\u0440\u043c\u0430\u0446\u0438\u044f \u0437\u0430 \u043f\u0440\u043e\u0434\u0443\u043a\u0442, \u0441\u043f\u043e\u043c\u0435\u043d\u0430\u0442 \u0432 \u0434\u0430\u0434\u0435\u043d \u0437\u0430\u043f\u0438\u0441? \u0418\u043b\u0438 \u0438\u0441\u043a\u0430\u0442\u0435 \u0434\u0430 \u043f\u043e\u0432\u0434\u0438\u0433\u043d\u0435\u0442\u0435 \u043a\u043e\u043d\u043a\u0440\u0435\u0442\u043d\u0430 \u0442\u0435\u043c\u0430 \u0432 \u0431\u043b\u043e\u0433\u0430? \u041f\u0438\u0448\u0435\u0442\u0435 \u043d\u0438 \u0434\u0438\u0440\u0435\u043a\u0442\u043d\u043e \u043d\u0430 \u0430\u0434\u0440\u0435\u0441: contakt@sportano.bg\" \/>\n<meta property=\"og:url\" content=\"https:\/\/sportano.sk\/blog\/\u043a\u043e\u043d\u0442\u0430\u043a\u0442\u0438\/\" \/>\n<meta property=\"og:site_name\" content=\"sportano.sk\" \/>\n<meta property=\"article:modified_time\" content=\"2022-09-14T13:26:38+00:00\" \/>\n<meta name=\"twitter:card\" content=\"summary_large_image\" \/>\n<meta name=\"twitter:label1\" content=\"Predpokladan\u00fd \u010das \u010d\u00edtania\" \/>\n\t<meta name=\"twitter:data1\" content=\"1 min\u00fata\" \/>\n<!-- \/ Yoast SEO plugin. -->","yoast_head_json":{"title":"Contact - sportano.sk","robots":{"index":"index","follow":"follow","max-snippet":"max-snippet:-1","max-image-preview":"max-image-preview:large","max-video-preview":"max-video-preview:-1"},"canonical":"https:\/\/sportano.sk\/blog\/\u043a\u043e\u043d\u0442\u0430\u043a\u0442\u0438\/","og_locale":"sk_SK","og_type":"article","og_title":"Contact - sportano.sk","og_description":"\u0418\u043c\u0430\u0442\u0435 \u0432\u044a\u043f\u0440\u043e\u0441\u0438 \u043e\u0442\u043d\u043e\u0441\u043d\u043e \u0438\u0437\u0431\u0440\u0430\u043d\u0430 \u043e\u0442 \u0432\u0430\u0441 \u0441\u0442\u0430\u0442\u0438\u044f? \u0422\u044a\u0440\u0441\u0438\u0442\u0435 \u043e\u0442\u0433\u043e\u0432\u043e\u0440 \u043d\u0430 \u0432\u044a\u043f\u0440\u043e\u0441, \u0441\u0432\u044a\u0440\u0437\u0430\u043d \u0441\u044a\u0441 \u0441\u043f\u043e\u0440\u0442\u0430, \u0438\u043b\u0438 \u0438\u043c\u0430\u0442\u0435 \u043d\u0443\u0436\u0434\u0430 \u043e\u0442 \u0438\u043d\u0444\u043e\u0440\u043c\u0430\u0446\u0438\u044f \u0437\u0430 \u043f\u0440\u043e\u0434\u0443\u043a\u0442, \u0441\u043f\u043e\u043c\u0435\u043d\u0430\u0442 \u0432 \u0434\u0430\u0434\u0435\u043d \u0437\u0430\u043f\u0438\u0441? \u0418\u043b\u0438 \u0438\u0441\u043a\u0430\u0442\u0435 \u0434\u0430 \u043f\u043e\u0432\u0434\u0438\u0433\u043d\u0435\u0442\u0435 \u043a\u043e\u043d\u043a\u0440\u0435\u0442\u043d\u0430 \u0442\u0435\u043c\u0430 \u0432 \u0431\u043b\u043e\u0433\u0430? \u041f\u0438\u0448\u0435\u0442\u0435 \u043d\u0438 \u0434\u0438\u0440\u0435\u043a\u0442\u043d\u043e \u043d\u0430 \u0430\u0434\u0440\u0435\u0441: contakt@sportano.bg","og_url":"https:\/\/sportano.sk\/blog\/\u043a\u043e\u043d\u0442\u0430\u043a\u0442\u0438\/","og_site_name":"sportano.sk","article_modified_time":"2022-09-14T13:26:38+00:00","twitter_card":"summary_large_image","twitter_misc":{"Predpokladan\u00fd \u010das \u010d\u00edtania":"1 min\u00fata"},"schema":{"@context":"https:\/\/schema.org","@graph":[{"@type":"WebPage","@id":"https:\/\/sportano.sk\/blog\/%d0%ba%d0%be%d0%bd%d1%82%d0%b0%d0%ba%d1%82%d0%b8\/","url":"https:\/\/sportano.sk\/blog\/%d0%ba%d0%be%d0%bd%d1%82%d0%b0%d0%ba%d1%82%d0%b8\/","name":"Contact - sportano.sk","isPartOf":{"@id":"https:\/\/sportano.sk\/blog\/#website"},"datePublished":"2022-09-14T13:24:01+00:00","dateModified":"2022-09-14T13:26:38+00:00","breadcrumb":{"@id":"https:\/\/sportano.sk\/blog\/%d0%ba%d0%be%d0%bd%d1%82%d0%b0%d0%ba%d1%82%d0%b8\/#breadcrumb"},"inLanguage":"sk-SK","potentialAction":[{"@type":"ReadAction","target":["https:\/\/sportano.sk\/blog\/%d0%ba%d0%be%d0%bd%d1%82%d0%b0%d0%ba%d1%82%d0%b8\/"]}]},{"@type":"BreadcrumbList","@id":"https:\/\/sportano.sk\/blog\/%d0%ba%d0%be%d0%bd%d1%82%d0%b0%d0%ba%d1%82%d0%b8\/#breadcrumb","itemListElement":[{"@type":"ListItem","position":1,"name":"Home","item":"https:\/\/sportano.sk\/blog\/"},{"@type":"ListItem","position":2,"name":"Contact"}]},{"@type":"WebSite","@id":"https:\/\/sportano.sk\/blog\/#website","url":"https:\/\/sportano.sk\/blog\/","name":"sportano.sk","description":"Spletna \u0161portna trgovina","potentialAction":[{"@type":"SearchAction","target":{"@type":"EntryPoint","urlTemplate":"https:\/\/sportano.sk\/blog\/?s={search_term_string}"},"query-input":{"@type":"PropertyValueSpecification","valueRequired":true,"valueName":"search_term_string"}}],"inLanguage":"sk-SK"}]}},"_links":{"self":[{"href":"https:\/\/sportano.sk\/blog\/wp-json\/wp\/v2\/pages\/39","targetHints":{"allow":["GET"]}}],"collection":[{"href":"https:\/\/sportano.sk\/blog\/wp-json\/wp\/v2\/pages"}],"about":[{"href":"https:\/\/sportano.sk\/blog\/wp-json\/wp\/v2\/types\/page"}],"author":[{"embeddable":true,"href":"https:\/\/sportano.sk\/blog\/wp-json\/wp\/v2\/users\/7"}],"replies":[{"embeddable":true,"href":"https:\/\/sportano.sk\/blog\/wp-json\/wp\/v2\/comments?post=39"}],"version-history":[{"count":2,"href":"https:\/\/sportano.sk\/blog\/wp-json\/wp\/v2\/pages\/39\/revisions"}],"predecessor-version":[{"id":42,"href":"https:\/\/sportano.sk\/blog\/wp-json\/wp\/v2\/pages\/39\/revisions\/42"}],"wp:attachment":[{"href":"https:\/\/sportano.sk\/blog\/wp-json\/wp\/v2\/media?parent=39"}],"curies":[{"name":"wp","href":"https:\/\/api.w.org\/{rel}","templated":true}]}}